e t(21).
-371
Let u(v) = -3*v**3 - 2*v**2 + 6*v + 67. Calculate u(0).
67
Let r(y) = -y**3 - 16*y**2 + 4*y + 2. Give r(-16).
-62
Let i(y) = -3*y**3 + 4*y**2 - 2*y + 30. Give i(3).
-21
Let f(q) = 138*q**2 + 39*q + 39. What is f(-1)?
138
Let y(g) = 3*g**2 - 23*g + 51. What is y(2)?
17
Let i(k) = 89*k**2 + 338*k - 1. Determine i(-4).
71
Let n(a) = 25*a - 210. Determine n(7).
-35
Let h(s) = 6*s - 101. Determine h(8).
-53
Let t(c) = -c**2 + 77*c - 677. What is t(10)?
-7
Let q(k) = k**2 + 18*k + 19. Give q(-17).
2
Let m(d) = 181*d + 1098. Calculate m(-6).
12
Let d(s) = -4*s**2 - 33*s + 403. Calculate d(10).
-327
Let y(o) = -o**3 + 12*o**2 + 21*o - 433. Give y(8).
-9
Let a(w) = -5*w**2 + 14*w + 108. Calculate a(-6).
-156
Let s(y) = 15*y + 170. What is s(-14)?
-40
Let t(m) = -m**3 - 49*m**2 - 3*m - 160. What is t(-49)?
-13
Let w(b) = 18*b + 47. What is w(-2)?
11
Let u(q) = -1077*q + 5394. Give u(5).
9
Let d(u) = -39*u - 788. Determine d(-20).
-8
Let r(c) = -3*c**3 + 529*c**2 - 179*c + 510. Calculate r(176).
-18
Let l(m) = -2*m**3 + 151*m**2 - 82*m + 531. Calculate l(75).
6
Let a(j) = 117*j + 415. Calculate a(-5).
-170
Let g(u) = 5*u**2 - 66*u - 1104. What is g(-16)?
1232
Let j(x) = x**2 + 224*x + 3096. What is j(-15)?
-39
Let s(k) = -k**3 + 4*k**2 - 25*k - 78. What is s(-4)?
150
Let i(f) = 7*f**2 - 56*f - 25. Determine i(5).
-130
Let b(w) = 16*w + 145. Calculate b(13).
353
Let b(z) = z**3 - 2*z**2 - 53*z - 43. Calculate b(-6).
-13
Let f(l) = -355*l + 3750. Give f(10).
200
Let s(k) = -53*k + 2388. Give s(45).
3
Let a(v) = 5*v**3 - 71*v**2 + 13*v + 18. Give a(14).
4
Let j(v) = -v**2 + 28*v + 1043. Give j(50).
-57
Let w(o) = 22*o - 348. Determine w(17).
26
Let d(p) = -p**3 + 12*p**2 - 37*p + 26. Determine d(7).
12
Let n(y) = y**3 + 41*y**2 - 86*y - 1840. Calculate n(-42).
8
Let j(t) = -38*t - 113. Calculate j(-13).
381
Let u(w) = -151*w + 276. What is u(4)?
-328
Let p(i) = -2*i**2 - 416*i + 2144. What is p(5)?
14
Let o(l) = l**3 + 13*l**2 - 34*l - 611. What is o(-12)?
-59
Let b(h) = -8*h**2 + 150*h - 298. What is b(2)?
-30
Let p(n) = -403*n - 2274. Calculate p(-5).
-259
Let o(i) = 2997*i - 14986. What is o(5)?
-1
Let u(y) = 4*y**2 + 85*y - 44. Calculate u(-27).
577
Let j(x) = 1384*x + 330777. Calculate j(-239).
1
Let k(y) = -316*y + 5195. What is k(18)?
-493
Let q(n) = -3*n**3 - n**2 + 4*n + 19. What is q(3)?
-59
Let w(r) = r**3 - 28*r**2 + 28*r - 23. Determine w(27).
4
Let m(n) = -220*n - 37408. Give m(-170).
-8
Let r(z) = -33*z - 126. What is r(-4)?
6
Let j(p) = 62*p - 4778. Determine j(77).
-4
Let b(q) = 33*q**2 + 2*q + 17. Determine b(-2).
145
Let b(n) = -2*n**3 - 2*n**2 + 96*n + 16. Give b(-8).
144
Let m(u) = -121*u - 1706. What is m(-14)?
-12
Let o(r) = -3501*r + 17499. Determine o(5).
-6
Let d(v) = v**3 + 36*v**2 - 437*v - 15744. Give d(-36).
-12
Let c(v) = v**2 - 8*v - 121. What is c(-9)?
32
Let l(d) = -76*d - 400. Calculate l(-4).
-96
Let g(n) = -n**3 + 113*n**2 - 212*n - 1118. What is g(111)?
-8
Let n(g) = 2*g**3 + 39*g**2 + 111*g - 15. Give n(-16).
1
Let t(f) = -68*f - 6725. Calculate t(-98).
-61
Let i(b) = 31*b**2 - 21*b - 27. What is i(-2)?
139
Let c(s) = -s**3 - 23*s**2 - 88*s + 44. What is c(-18)?
8
Let f(o) = 33*o + 43. Determine f(-4).
-89
Let u(a) = -20*a**2 - 39*a + 135. Determine u(3).
-162
Let o(r) = r**2 - 44*r + 328. What is o(30)?
-92
Let a(t) = 14*t**2 + 2380*t + 18. Determine a(-170).
18
Let s(g) = g**2 - 67*g + 957. What is s(45)?
-33
Let d(c) = 8*c**3 - 132*c**2 + 138*c - 7. Calculate d(1).
7
Let l(a) = -115*a + 3450. Determine l(30).
0
Let y(c) = -c**3 + 15*c**2 - 20*c + 250. Determine y(14).
166
Let m(l) = 822*l - 5825. Give m(7).
-71
Let j(u) = u**3 - 13*u**2 + 16*u - 6. Give j(14).
414
Let f(x) = -x**2 - 1278*x - 11404. Determine f(-9).
17
Let b(m) = -m**3 + 15*m**2 - 13*m + 16. Calculate b(5).
201
Let m(a) = -4*a**2 + 261*a + 1013. Give m(69).
-22
Let r(z) = 17*z + 387. Determine r(-37).
-242
Let u(d) = 129*d + 10. Determine u(1).
139
Let q(x) = -1994*x + 2000. Calculate q(1).
6
Let v(z) = -z**2 - 5*z + 14. Calculate v(4).
-22
Let j(y) = 14*y + 155. What is j(-11)?
1
Let v(k) = 21*k**2 - 1702*k + 75. Determine v(81).
-6
Let i(b) = 91*b + 2573. Give i(-34).
-521
Let j(n) = 50*n - 24. What is j(3)?
126
Let v(h) = h**2 - 9*h - 87. Calculate v(13).
-35
Let w(v) = -v**3 - 187*v**2 + 7*v + 1312. Calculate w(-187).
3
Let f(x) = -13*x**2 + 48*x - 266. Give f(5).
-351
Let t(z) = -595*z - 8922. Determine t(-15).
3
Let h(z) = 6*z**2 + 50*z - 447. Calculate h(-14).
29
Let n(l) = 3*l - 113. Give n(30).
-23
Let i(v) = v**2 - 23*v - 10. Determine i(-7).
200
Let g(y) = y**2 - 36*y - 337. What is g(43)?
-36
Let m(a) = -a**2 - 404*a + 810. What is m(2)?
-2
Let k(g) = -4*g**2 + 17*g - 52. Determine k(10).
-282
Let l(r) = -r**3 - 7*r**2 + r + 65. Calculate l(-9).
218
Let j(d) = -139*d - 11816. Determine j(-85).
-1
Let q(u) = -5*u - 238. Give q(-42).
-28
Let o(d) = 17*d - 46. Determine o(6).
56
Let w(a) = 9795*a + 23. What is w(0)?
23
Let t(w) = w**3 + 225*w**2 - 9398*w + 72. Give t(36).
0
Let r(d) = -59*d + 49. Calculate r(-4).
285
Let c(z) = -3*z**2 - 45*z + 226. Calculate c(5).
-74
Let m(d) = -5*d**3 - 336*d**2 - 70*d - 216. What is m(-67)?
-15
Let l(h) = -h**3 - 34*h**2 - 2*h - 1301. Calculate l(-35).
-6
Let c(d) = d**3 - 14*d**2 + 2*d - 19. Calculate c(13).
-162
Let b(q) = 2*q**3 + 45*q**2 - 59*q + 311. Determine b(-24).
-1
Let n(g) = 2*g**3 - 30*g**2 + 28*g - 43. Calculate n(14).
-43
Let m(r) = 7*r**2 + 15*r - 171. Calculate m(4).
1
Let x(g) = g**2 - 166*g + 2888. What is x(20)?
-32
Let d(m) = -2*m**3 + m**2 + 2*m + 11. Give d(7).
-612
Let w(s) = -6*s**2 - 31*s + 1. Calculate w(-3).
40
Let j(t) = t**3 - 82*t**2 + 390*t - 217. Give j(77).
168
Let r(b) = -b**2 + 29*b + 29. Calculate r(-1).
-1
Let u(q) = 2*q**2 + 22*q - 634. Calculate u(-24).
-10
Let y(r) = -48*r + 1107. Determine y(23).
3
Let t(u) = -717*u + 2174. Determine t(3).
23
Let h(a) = 1170*a + 1168. Calculate h(-1).
-2
Let d(h) = -26*h - 97. Determine d(-4).
7
Let w(b) = -b**3 - 59*b**2 + 108*b + 2879. Give w(-60).
-1
Let y(j) = j**3 - 32*j**2 + 6*j - 175. What is y(32)?
17
Let n(f) = 13*f**2 - 317*f - 318. Determine n(-1).
12
Let p(h) = 78*h + 4012. Determine p(-38).
1048
Let y(n) = -2*n**2 - 218*n - 1600. What is y(-8)?
16
Let h(g) = -g**3 - 41*g**2 - 167*g + 4. Calculate h(-4).
80
Let i(h) = -2*h**2 + 17*h + 25. Determine i(12).
-59
Let f(w) = 6*w**3 + 606*w**2 + 10*w + 1021. Give f(-101).
11
Let a(n) = 28*n**2 + 402*n + 36. Give a(-14).
-104
Let v(l) = -l**2 + 31*l - 175. What is v(7)?
-7
Let c(f) = -63*f + 1765. Calculate c(28).
1
Let o(j) = 201*j - 1429. Determine o(7).
-22
Let j(a) = -4*a**3 - 4*a**2 - 15*a - 46. Give j(-3).
71
Let n(b) = -167*b**2 + 508*b - 12. Give n(3).
9
Let r(p) = 429*p - 3420. Determine r(8).
12
Let d(b) = -74*b**2 - 257*b - 55. Give d(-4).
-211
Let x(s) = -s**3 + 47*s**2 + 438*s + 53. What is x(55)?
-57
Let k(z) = -2*z**2 - 37*z - 139. Calculate k(-14).
-13
Let r(q) = -13*q + 220. Determine r(18).
-14
Let i(d) = -29*d**2 + 2583*d - 178. Determine i(89).
0
Let n(m) = 76*m + 489. Give n(-7).
-43
Let n(y) = -y**3 - 14*y**2 + 17*y + 60. Calculate n(-15).
30
Let u(c) = -3*c**2 + 25*c - 99. Determine u(5).
-49
Let m(k) = -k**3 - 14*k**2 + 144*k + 35. Give m(7).
14
Let x(j) = -11*j**2 + 14*j - 12. Determine x(1).
-9
Let d(h) = -h**3 + 23*h**2 + 134*h + 150. Determine d(28).
-18
Let q(r) = -r**2 - 66*r - 209. Give q(-61).
96
Let b(m) = -m**3 + 13*m - 29. Determine b(5).
-89
Let l(d) = -d**3 + 17*d**2 - 15*d + 34. Determine l(16).
50
Let p(l) = 170*l + 6060. Give p(-35).
110
Let q(k) = 5*k + 208. What is q(-41)?
3
Let d(y) = -2*y**3 + 42*y**2 - 7*y + 67. Give d(21).
-80
Let q(n) = -229*n - 1608. Give q(-7).
-5
Let b(v) = 2*v**2 + 5*v - 25. Calculate b(-6).
17
Let r(t) = -141*t + 2420. Give r(20).
-400
Let o(l) = -145*l + 144. Determine o(1).
-1
Let s(m) = -930*m + 5599. Give s(6).
19
Let j(w) = 7*w**3 + 508*w**2 + 268*w - 1440. Determine j(-72).
0
Let b(t) = 524*t - 8. Calculate b(0).
-8
Let q(j) = 6*j**2 - 281*j - 117. Calculate q(47).
-70
Let w(d) = -3*d**2 + 21*d + 228. Give w(15).
-132
Let l(v) = -v**3 - 12*v**2 + 47*v + 31. What is l(-15)?
1
Let i(n) = -4*n**3 - 2*n**2 + 10*n + 49. Calculate i(-3).
109
Let r(i) = -60*i - 2. Calculate r(-3).
178
Let 